of 1315229227?
7
What is the ten thousands digit of 2514287391?
8
What is the units digit of 44687649?
9
What is the billions digit of 1939945306?
1
What is the tens digit of 11524046?
4
What is the hundred millions digit of 816326884?
8
What is the ten thousands digit of 286489333?
8
What is the millions digit of 103225671?
3
What is the ten millions digit of 1002467092?
0
What is the ten millions digit of 224105097?
2
What is the tens digit of 52344667?
6
What is the thousands digit of 19793349?
3
What is the hundred thousands digit of 148865530?
8
What is the hundred thousands digit of 53792895?
7
What is the hundred millions digit of 3013277805?
0
What is the tens digit of 204032119?
1
What is the millions digit of 69048711?
9
What is the hundred millions digit of 182323263?
1
What is the hundred millions digit of 2782473411?
7
What is the hundred millions digit of 8475203423?
4
What is the units digit of 175863266?
6
What is the tens digit of 123009026?
2
What is the hundreds digit of 8669555?
5
What is the thousands digit of 115364637?
4
What is the hundreds digit of 66321214?
2
What is the hundred thousands digit of 3087660050?
6
What is the millions digit of 51247949?
1
What is the ten thousands digit of 6986188136?
8
What is the thousands digit of 60145640?
5
What is the thousands digit of 1721345580?
5
What is the ten millions digit of 880839351?
8
What is the tens digit of 147632864?
6
What is the millions digit of 866397051?
6
What is the units digit of 67150081?
1
What is the millions digit of 118470476?
8
What is the ten millions digit of 1097504187?
9
What is the millions digit of 172805975?
2
What is the hundred thousands digit of 1337648384?
6
What is the thousands digit of 1009802428?
2
What is the hundred thousands digit of 188884318?
8
What is the hundreds digit of 240228320?
3
What is the tens digit of 137863596?
9
What is the hundreds digit of 36044171?
1
What is the hundred millions digit of 4563455406?
5
What is the billions digit of 1312750486?
1
What is the hundred thousands digit of 286103211?
1
What is the hundred thousands digit of 277803463?
8
What is the hundred millions digit of 731244644?
7
What is the units digit of 164370763?
3
What is the millions digit of 127440054?
7
What is the ten thousands digit of 505910915?
1
What is the hundreds digit of 64971079?
0
What is the millions digit of 167066224?
7
What is the millions digit of 58592686?
8
What is the billions digit of 5632579971?
5
What is the tens digit of 454612298?
9
What is the hundreds digit of 1652328041?
0
What is the units digit of 1885825660?
0
What is the hundreds digit of 2759174874?
8
What is the hundred thousands digit of 66460533?
4
What is the hundreds digit of 953580963?
9
What is the hundreds digit of 72873854?
8
What is the tens digit of 20018065?
6
What is the hundreds digit of 432692163?
1
What is the hundreds digit of 2031991?
9
What is the ten millions digit of 50831800?
5
What is the ten thousands digit of 4732412?
3
What is the units digit of 100514273?
3
What is the ten millions digit of 15847912?
1
What is the tens digit of 55037047?
4
What is the hundreds digit of 1332192?
1
What is the units digit of 1270170819?
9
What is the ten millions digit of 43733478?
4
What is the ten thousands digit of 83110530?
1
What is the tens digit of 203921962?
6
What is the units digit of 284687924?
4
What is the units digit of 610013581?
1
What is the tens digit of 791280124?
2
What is the units digit of 2569808437?
7
What is the ten millions digit of 124325048?
2
What is the units digit of 394789402?
2
What is the tens digit of 3390270525?
2
What is the hundred thousands digit of 5490966570?
9
What is the hundred millions digit of 1030697639?
0
What is the millions digit of 27321685?
7
What is the hundred millions digit of 244891262?
2
What is the millions digit of 669718705?
9
What is the ten millions digit of 36010829?
3
What is the units digit of 91446481?
1
What is the hundreds digit of 360521044?
0
What is the hundreds digit of 853692121?
1
What is the thousands digit of 78720889?
0
What is the thousands digit of 1267033549?
3
What is the hundred thousands digit of 2648880708?
8
What is the hundred thousands digit of 69384333?
3
What is the hundred millions digit of 1241041678?
2
What is the hundred thousands digit of 1837387639?
3
What is the ten thousands digit of 703734378?
3
What is the tens digit of 1032454711?
1
What is the ten millions digit of 131457043?
3
What is the ten thousands digit of 966805755?
0
What is the tens digit of 12026217?
1
What is the ten thousands digit of 178508795?
0
What is the thousands digit of 907336388?
6
What is the units digit of 21804400?
0
What is the billions digit of 5651959622?
5
What is the thousands digit of 4443210292?
0
What is the millions digit of 9994840?
9
What is the ten thousands digit of 313442649?
4
What is the tens digit of 151979918?
1
What is the units digit of 189851515?
5
What is the ten thousands digit of 39925530?
2
What is the tens digit of 1729222929?
2
What is the millions digit of 1066864073?
6
What is the millions digit of 44644499?
4
What is the thousands digit of 27272906?
2
What is the hundreds digit of 2811430012?
0
What is the ten thousands digit of 258719392?
1
What is the ten thousands digit of 255463184?
6
What is the tens digit of 323969850?
5
What is the ten thousands digit of 286991981?
9
What is the tens digit of 93583355?
5
What is the ten millions digit of 147915561?
4
What is the ten millions digit of 634596810?
3
What is the hundreds digit of 179657951?
9
What is the ten thousands digit of 172810114?
1
What is the hundred millions digit of 6923310128?
9
What is the tens digit of 5728186548?
4
What is the ten thousands digit of 495793377?
9
What is the hundred thousands digit of 508107625?
1
What is the units digit of 1124683544?
4
What is the units digit of 2041358081?
1
What is the thousands digit of 72391869?
1
What is the millions digit of 6730130483?
0
What is the units digit of 5625314740?
0
What is the millions digit of 23931579?
3
What is the hundreds digit of 357955534?
5
What is the millions digit of 64898926?
4
What is the hundred thousands digit of 62834848?
8
What is the ten millions digit of 102338397?
0
What is the hundreds digit of 323106507?
5
What is the ten millions digit of 23642042?
2
What is the tens digit of 3012157647?
4
What is the ten thousands digit of 862828703?
2
What is the hundreds digit of 68780830?
8
What is the ten thousands digit of 2135041?
3
What is the hundreds digit of 15394301?
3
What is the hundreds digit of 2933716045?
0
What is the millions digit of 117778622?
7
What is the ten thousands digit of 288201601?
0
What is the thousands digit of 226464119?
4
What is the hundred millions digit of 345726542?
3
What is the thousands digit of 21811498?
1
What is the hundred thousands digit of 109133295?
1
What is the units digit of 2228372?
2
What is the tens digit of 125235992?
9
What is the millions digit of 6358437?
6
What is the tens digit of 22112964?
6
What is the hundred thousands digit of 383603411?
6
What is the ten millions digit of 2208015580?
0
What is the ten thousands digit of 30462263?
6
What is the hundreds digit of 54438723?
7
What is the hundred millions digit of 185272856?
1
What is the hundred millions digit of 177654241?
1
What is the ten thousands digit of 45763307?
6
What is the hundred millions digit of 1344785696?
3
What is the hundreds digit of 931331048?
0
What is the millions digit of 36825528?
6
What is the millions digit of 45045806?
5
What is the units digit of 100638403?
3
What is the tens digit of 151160809?
0
What is the hundred millions digit of 5362036518?
3
What is the millions digit of 227597731?
7
What is the ten millions digit of 127817254?
2
What is the thousands digit of 42936106?
6
What is the hundred thousands digit of 1488220017?
2
What is the ten millions digit of 84235842?
8
What is the thousands digit of 100708980?
8
What is the units digit of 2934559933?
3
What is the hundred millions digit of 1623311496?
6
What is the hundreds digit of 521412933?
9
What is the hundred millions digit of 4397501403?
3
What is the units digit of 49583469?
9
What is the thousands digit of 4403483